the second derivative of t(r). What is b(-2)?
9
Let v(r) = 7*r**2 + 6*r + 2. Let s(j) = 8*j**2 + 6*j + 2. Let t(d) = 6*s(d) - 7*v(d). Calculate t(-5).
3
Let n(h) = 7*h - 4*h**2 - 4 + 0*h**2 + 3*h**2. Suppose 2*t + 3*t + 5*g - 25 = 0, 0 = 4*t - 2*g - 20. Give n(t).
6
Let j be 21/4 + (-2)/8. Let s(r) = -10*r**2 - 3*r - 6. Let f(k) = -9*k**2 - 2*k - 5. Let v(b) = j*f(b) - 4*s(b). What is v(1)?
-4
Suppose 5*r - 2*r - 6 = 0. Let n(a) = -4*a**2 + 2*a**2 + a**2 + 4*a**r - 3*a. Determine n(2).
6
Let r(z) = -7*z - 3. Let o(x) = -x**2 - 6*x + 5. Let k be o(-7). Let f(p) = -6*p - 2. Let n(y) = k*r(y) + 3*f(y). Give n(2).
-8
Let g(s) = s**2 + s + 1. Let r(u) = 11*u**2 + 3*u + 3. Let j(m) = -2*g(m) + r(m). Calculate j(-1).
9
Let f(l) be the third derivative of -l**4/24 - l**3/2 + 14*l**2. Suppose -4*j + j - 4*s = -28, 2*j - 2*s = 0. Suppose 4*h + j = -16. What is f(h)?
2
Let n(p) = -p**2 - p. Let z(y) = 8*y**2 + 3*y. Let t(r) = -5*n(r) - z(r). Calculate t(2).
-8
Let m(s) = 2*s + 3. Let y = -30 + 21. Let i be (3/y)/(2/(-6)). Suppose i = 2*v - 5. Calculate m(v).
9
Let t(y) = y**3 + 4*y**2 + 4*y + 3. Let o be (-3)/(-2) - 63/14. Determine t(o).
0
Suppose -6*b + 40 = -b - 5*h, -b + 4*h + 17 = 0. Let q(l) = -2*l - 2*l - b + 2*l. Let r be (-3 - 0) + 3 - 4. What is q(r)?
3
Let t(b) = 7*b**2 - 14*b + 10. Let u(z) = 15*z**2 - 29*z + 21. Let v(l) = 13*t(l) - 6*u(l). Let q be v(7). Let r(y) = y**3 + y**2 - 5*y - 3. Calculate r(q).
-6
Let f(j) = 4*j**3 + j**2 - 2*j. Let t(w) = w**3 - w**2 + w. Let a(u) = -f(u) - t(u). What is a(1)?
-4
Let a(x) = x**2. Let m = -20 - -20. Calculate a(m).
0
Let i(o) = 5*o. Let b(h) = 6*h. Suppose 2*l = 7*l - 35. Let f(d) = l*i(d) - 6*b(d). What is f(2)?
-2
Let p be 3*(0 - (-2)/(-3)). Let u(h) = 20*h - 1. Let l(s) = -5*s. Let x(t) = 9*l(t) + 2*u(t). Calculate x(p).
8
Let g(f) = -17*f**2 + 3*f**2 + 7*f**2 - f. Let s(h) = h**2 + 2*h - 4. Let d be s(-3). Determine g(d).
-6
Let l(c) = -4*c + 2. Let y(x) be the second derivative of 7*x**3/6 - 2*x**2 + 3*x. Let w(i) = -5*l(i) - 3*y(i). Give w(6).
-4
Let a(u) = u**3 + 4*u**2 - 5*u + 4. Suppose 5*f + 37 = -8. Let y = -6 - f. Suppose -c + 0*v - v = 0, y*v = -4*c - 5. Determine a(c).
4
Let n(i) = -i**3 + i + 9. Suppose -y + 3*d = -3*y, -4*y = -2*d. Give n(y).
9
Let g(b) = b**3 + 6*b**2 - 3. Let n be 2/(-8) + (-53)/(-4). Let l be (-7)/(-14) + n/(-2). What is g(l)?
-3
Let l be 8 + (-4)/5 + 99/(-45). Let b(v) = -5*v - 2. Calculate b(l).
-27
Let q be (-20)/60 - (52/6 + -2). Let k(t) = -t**3 - 6*t**2 + 6*t - 5. Determine k(q).
2
Suppose -2*g - 5 = -g. Let o(j) = -3*j - 14. Let d(u) = -2*u - 9. Let y(f) = g*o(f) + 7*d(f). Calculate y(-6).
1
Let z(o) = -5*o**3 + 4*o**2 + o - 7. Let s(l) = -14*l**3 + 12*l**2 + 3*l - 20. Let r(j) = 6*s(j) - 17*z(j). Calculate r(-2).
5
Let b be 38/14 - (-12)/42. Suppose -b*s + 2*i = -3*i, -3*i = 0. Let q(n) = -n - 1. Determine q(s).
-1
Suppose -2*f - 5 = -1. Let j(n) = 2*n**2 + 3*n + 1. Let i(h) = 0*h + 2*h + 1 - h. Let w(l) = -2*i(l) + j(l). Calculate w(f).
5
Let n(t) = 3*t - 1. Let w = 3 - 12. Let a be w/(-6)*(-2 - -4). Suppose -4*s = -a*g - 23, 20 = 5*s - 3*g + g. Determine n(s).
5
Let g(a) = a**2 - 3*a - 4. Let b be g(4). Let j(w) = 5*w - 15. Let v(s) = 2*s - 7. Let q(l) = -3*j(l) + 7*v(l). Give q(b).
-4
Let l(s) = -s + 3. Suppose 0 = 2*q - k, 0 = 6*q - 2*q + 3*k. Suppose 0 = 2*h - q*h - 2*f - 10, h + 5 = -4*f. Determine l(h).
0
Let p(m) = 0*m + m - 5 + 4. Give p(-4).
-5
Let u(c) = -1 + c**2 + c**3 - 4*c**3 - 2 - c + 2. Calculate u(-1).
4
Let v(b) = b**2 + 4*b - 6. Suppose 0 = 3*t - 0*t + 9, -42 = 5*o + 4*t. Give v(o).
6
Let p(q) = -q**3 - 15*q**2 + 16*q + 6. Let x be p(-16). Let n(g) = 4*g. What is n(x)?
24
Let t(y) = y**3 - 11*y**2 + 1. Let q be t(11). Let l(j) = -2*j**3 + j**2 - 2*j - 6. Let d(s) = s**3 + s + 1. Let p(v) = q*d(v) + l(v). Determine p(0).
-5
Let a(n) = n**3 - 6*n**2 + 5*n + 1. Let p be (-69)/(-21) + (-2)/7. Suppose 2*b - 7 = p. Give a(b).
1
Let i(s) = -2*s + 4. Let z be i(3). Let j(u) = -u**3 + 4*u - 3*u + 0*u**3. Give j(z).
6
Let z(w) = w. Suppose -3*j - 26 = -8*j + d, d + 21 = 4*j. Suppose 10*b = j*b. What is z(b)?
0
Let k(h) = h + 4*h**2 - 2*h - 1 + 0 - 12*h**2. Let i(u) = -u**3 - 11*u**2 - 10*u - 2. Let g be i(-10). Let o be g/4*(-2)/(-1). What is k(o)?
-8
Let z(j) = -6*j**3 + 3*j**2. Let m(g) = 3*g**3 - 2*g**2. Let f(n) = 5*m(n) + 3*z(n). Give f(1).
-4
Let n be -3 + (-2 + -2 - -3). Let t(c) = c - 7. Let b be t(7). Let x(u) = 2*u - u - 1 + b. Give x(n).
-5
Let j(v) = 2*v**3 + 4*v**2 - 4*v - 2. Let w(g) = g**3 + 3*g**2 - 3*g - 3. Let i(d) = -2*j(d) + 3*w(d). Determine i(0).
-5
Let t(n) = -n**3 + 2*n**2 + 5*n - 3. Let j be t(3). Let i be 0 - (0/(-2) + j). Let g be (-4)/3*(i - 0). Let l(k) = k**3 - 4*k**2 - 3*k + 2. Determine l(g).
-10
Let j = -30 - -32. Let y(r) be the first derivative of 3/2*r**2 - j + 6*r. Give y(-4).
-6
Let h(v) = v**2 + 1. Let w be h(-1). Suppose -2 = -w*q, -3*i + 2*q + 1 = -0*i. Let k(y) = -y**3 + y. Determine k(i).
0
Suppose 5*n = 5*c - 35, -10 = -4*c + n + 6. Let j(a) = -2 + 0 - c*a - 2 + 3. What is j(-2)?
5
Let n(b) = b**3 - 6*b**2 + 5*b - 2. Let r be n(5). Let i be (-1)/((-3)/(-5 - r)). Let q(a) = -2*a**3 + a. Determine q(i).
1
Let n be (-10)/(-30) + (-26)/(-3). Suppose -3*o = 3 - n. Let x(v) = -v + 1. Determine x(o).
-1
Let d(q) = q**3 + 4*q - q**2 - 3*q - 4*q - 3. Let m be d(3). Let a(o) = -2*o - 3*o + 2*o**2 + m - 2*o. What is a(4)?
10
Let r(l) = 2*l + 8. Let p be r(-6). Let o(j) = 2*j + 10 - 12 - j**3 - 3*j**2 - j**2. Give o(p).
-10
Let g(r) = -13*r - 2 + 10*r + 6. Calculate g(3).
-5
Let h(u) be the second derivative of -u**3/6 - 10*u. Suppose -b = b + 8. Calculate h(b).
4
Let q(a) = -a**2 + 4*a - 5. Suppose 0 = -p + 3. Let x be p*(-1 - (1 + -3)). Suppose -4*i - x*t = -28, -2*i + 6*i = 2*t + 8. Calculate q(i).
-5
Let a(j) be the second derivative of 1/4*j**4 - 1/2*j**2 + 0 + 6*j - 1/3*j**3. Determine a(-1).
4
Let v(q) = 7*q - 5 + 4*q + 2 - 4*q. Give v(-3).
-24
Let n(z) = -z + 3. Suppose -f + 1 = -4*q - 0, -2*f - 3*q = -13. Give n(f).
-2
Suppose 4*y - u = -5*u + 16, 3*y + 2*u - 15 = 0. Let p(o) be the first derivative of -o**2/2 + o + 68. What is p(y)?
-6
Let o = -5 + 10. Suppose -s = 4*r + 2, 1 = o*r - s + 4*s. Let c = r + 4. Let y(k) = k**3 - 4*k**2 + 2*k + 1. Give y(c).
-2
Let y = 2 - 8. Let l(h) = 7*h + 17. Let n(f) = -4*f - 9. Let g(o) = 3*l(o) + 5*n(o). Give g(y).
0
Let s(n) = n**2 - 5*n + 2. Let u(f) = -f**2 + f + 6. Let t be u(0). Determine s(t).
8
Let j(b) be the second derivative of 0 + 2*b - 1/6*b**3 + 1/2*b**2. What is j(1)?
0
Let b(q) = q**2 - 7 + 1 - 5*q**2 + 7*q + 3*q**2. Let r(o) = -o + 10. Let t be r(5). Determine b(t).
4
Let a(m) = m**2 + 6*m + 3. Suppose -5*u - 2*j + 22 = -0*u, 5*j = 2*u - 3. Suppose u*d + 6 + 14 = 0. Give a(d).
-2
Let z(k) = -k**3 + 3*k**2 + 5*k - 1. Let o be z(4). Let j(t) = -1 - 2*t - 2 - o + t. Give j(0).
-6
Suppose -11 = -3*l - 5. Let s(b) = -2*b**3 + b**2 + b - 2. Give s(l).
-12
Let x(v) = -11*v - 5. Let u(d) = -21*d - 9. Let q(w) = -4*u(w) + 7*x(w). Let t = 1 + -2. Calculate q(t).
-6
Let t(l) = -l + 2 + 219*l**3 + l**2 - 220*l**3 - l**2. Calculate t(2).
-8
Let n(w) = -w**2 + 2*w - 3. Let d(c) = 2*c**2 - 4*c + 7. Let i(o) = 3*d(o) + 5*n(o). Calculate i(4).
14
Let u(k) = 7*k**2 + 2*k + 1. Let o(y) = 35*y**2 + 11*y + 6. Let a(r) = -2*o(r) + 11*u(r). Suppose -2*l + 2*p = -2, l - 3*p - 8 + 3 = 0. Calculate a(l).
6
Suppose 0*v - 15 = 5*v. Let u(c) = -51*c - 9. Let j(m) = 5*m + 1. Let k(g) = 21*j(g) + 2*u(g). What is k(v)?
-6
Let h(z) = 2*z - 2. Let i(a) be the second derivative of -2*a + 0 + 1/12*a**4 - 2*a**2 - 5/6*a**3. Let b be i(6). Calculate h(b).
2
Let w(f) = 6*f**3 + 3*f - 7. Let j(h) = -7*h**3 + h**2 - 3*h + 8. Let r(s) = -5*j(s) - 6*w(s). Determine r(-3).
-7
Let z(k) be the first derivative of -k**4/4 + 7*k**3/3 - 3*k**2/2 - 3*k + 3. Suppose 4*r - 30 = -r + f, 5*r = 3*f + 30. What is z(r)?
15
Let y(o) = -6*o**2 - 3. Let n(l) = l**2 + 1. Let h(k) = -4*n(k) - y(k). Let x(r) = r - 9. Let m be x(7). Calculate h(m).
7
Let v(n) = -n**2 + 4. Suppose -3*s + 2*o + 4 = 0, -3*s = -2*o + 5*o + 21. Let g be ((-36)/(-30))/(s/5). Determine v(g).
-5
Let c(p) = 2*p + 2. Suppose -4*f = -35 - 25. Suppose -q - f = -3*w, 2*w - 16 = -2*w. What is c(q)?
-4
Let p(o) = 7*o + 5. Let r(h) = -10*h - 7